{"id":222,"date":"2017-07-05T13:05:35","date_gmt":"2017-07-05T11:05:35","guid":{"rendered":"https:\/\/www.noitrento.it\/zonepastorali\/vallagarina\/wp-content\/uploads\/sites\/8\/2017\/04\/palazzoPizzini.png"},"modified":"2017-07-05T13:07:44","modified_gmt":"2017-07-05T11:07:44","slug":"palazzopizzini","status":"inherit","type":"attachment","link":"https:\/\/www.noitrento.it\/zonepastorali\/vallagarina\/luoghi-di-interesse\/palazzopizzini\/","title":{"rendered":"Palazzi de&#8217; Pizzini"},"author":1,"comment_status":"closed","ping_status":"closed","template":"","meta":[],"description":{"rendered":"<p class=\"attachment\"><a data-size=\"294x370\" href='https:\/\/www.noitrento.it\/zonepastorali\/vallagarina\/wp-content\/uploads\/sites\/8\/2017\/04\/palazzoPizzini.png'><img width=\"238\" height=\"300\" src=\"https:\/\/www.noitrento.it\/zonepastorali\/vallagarina\/wp-content\/uploads\/sites\/8\/2017\/04\/palazzoPizzini-238x300.png\" class=\"attachment-medium size-medium\" alt=\"\" decoding=\"async\" loading=\"lazy\" srcset=\"https:\/\/www.noitrento.it\/zonepastorali\/vallagarina\/wp-content\/uploads\/sites\/8\/2017\/04\/palazzoPizzini-238x300.png 238w, https:\/\/www.noitrento.it\/zonepastorali\/vallagarina\/wp-content\/uploads\/sites\/8\/2017\/04\/palazzoPizzini.png 294w\" sizes=\"(max-width: 238px) 100vw, 238px\" \/><\/a><\/p>\n<p>La storia dei due Palazzi de\u2019 Pizzini richiama l&#8217;epopea dei velluti e della seta. Inizia intorno al 1630 quando la famiglia discendente da Odorico di Castel Pizzino, grazie alla fiorente attivit\u00e0 tessile, visse un lungo periodo di splendore che diede origine al progetto dei due palazzi: il primo a proprio uso e successivamente, di fronte, un secondo per gli ospiti, entrambi lungo via Santa Caterina. In origine i due palazzi erano collegati tra loro. Il Palazzo superiore, quello pi\u00f9 antico, \u00e8 stato donato dalla famiglia Pizzini al Comune di Ala ed \u00e8 stato sottoposto ad accurati restauri. Oggi \u00e8 sede di mostre, esposizioni temporanee e concerti.<\/p>\n"},"caption":{"rendered":"<p>Palazzi de&#8217; Pizzini (Ala)<\/p>\n"},"alt_text":"","media_type":"image","mime_type":"image\/png","media_details":{"width":294,"height":370,"file":"2017\/04\/palazzoPizzini.png","sizes":{"thumbnail":{"file":"palazzoPizzini-150x150.png","width":150,"height":150,"mime_type":"image\/png","source_url":"https:\/\/www.noitrento.it\/zonepastorali\/vallagarina\/wp-content\/uploads\/sites\/8\/2017\/04\/palazzoPizzini-150x150.png"},"medium":{"file":"palazzoPizzini-238x300.png","width":238,"height":300,"mime_type":"image\/png","source_url":"https:\/\/www.noitrento.it\/zonepastorali\/vallagarina\/wp-content\/uploads\/sites\/8\/2017\/04\/palazzoPizzini-238x300.png"},"zerif-post-thumbnail":{"file":"palazzoPizzini-250x250.png","width":250,"height":250,"mime_type":"image\/png","source_url":"https:\/\/www.noitrento.it\/zonepastorali\/vallagarina\/wp-content\/uploads\/sites\/8\/2017\/04\/palazzoPizzini-250x250.png"},"zerif-post-thumbnail-large-table":{"file":"palazzoPizzini-294x300.png","width":294,"height":300,"mime_type":"image\/png","source_url":"https:\/\/www.noitrento.it\/zonepastorali\/vallagarina\/wp-content\/uploads\/sites\/8\/2017\/04\/palazzoPizzini-294x300.png"},"zerif-post-thumbnail-large-mobile":{"file":"palazzoPizzini-294x200.png","width":294,"height":200,"mime_type":"image\/png","source_url":"https:\/\/www.noitrento.it\/zonepastorali\/vallagarina\/wp-content\/uploads\/sites\/8\/2017\/04\/palazzoPizzini-294x200.png"},"zerif_project_photo":{"file":"palazzoPizzini-285x214.png","width":285,"height":214,"mime_type":"image\/png","source_url":"https:\/\/www.noitrento.it\/zonepastorali\/vallagarina\/wp-content\/uploads\/sites\/8\/2017\/04\/palazzoPizzini-285x214.png"},"zerif_our_team_photo":{"file":"palazzoPizzini-174x174.png","width":174,"height":174,"mime_type":"image\/png","source_url":"https:\/\/www.noitrento.it\/zonepastorali\/vallagarina\/wp-content\/uploads\/sites\/8\/2017\/04\/palazzoPizzini-174x174.png"},"full":{"file":"palazzoPizzini.png","width":294,"height":370,"mime_type":"image\/png","source_url":"https:\/\/www.noitrento.it\/zonepastorali\/vallagarina\/wp-content\/uploads\/sites\/8\/2017\/04\/palazzoPizzini.png"}},"image_meta":{"aperture":"0","credit":"","camera":"","caption":"","created_timestamp":"0","copyright":"","focal_length":"0","iso":"0","shutter_speed":"0","title":"","orientation":"0","keywords":[]}},"post":33,"source_url":"https:\/\/www.noitrento.it\/zonepastorali\/vallagarina\/wp-content\/uploads\/sites\/8\/2017\/04\/palazzoPizzini.png","_links":{"self":[{"href":"https:\/\/www.noitrento.it\/zonepastorali\/vallagarina\/wp-json\/wp\/v2\/media\/222"}],"collection":[{"href":"https:\/\/www.noitrento.it\/zonepastorali\/vallagarina\/wp-json\/wp\/v2\/media"}],"about":[{"href":"https:\/\/www.noitrento.it\/zonepastorali\/vallagarina\/wp-json\/wp\/v2\/types\/attachment"}],"author":[{"embeddable":true,"href":"https:\/\/www.noitrento.it\/zonepastorali\/vallagarina\/wp-json\/wp\/v2\/users\/1"}]}}

<p class="attachment"><a data-size="294x370" href='https://www.noitrento.it/zonepastorali/vallagarina/wp-content/uploads/sites/8/2017/04/palazzoPizzini.png'><img width="238" height="300" src="https://www.noitrento.it/zonepastorali/vallagarina/wp-content/uploads/sites/8/2017/04/palazzoPizzini-238x300.png" class="attachment-medium size-medium" alt="" decoding="async" loading="lazy" srcset="https://www.noitrento.it/zonepastorali/vallagarina/wp-content/uploads/sites/8/2017/04/palazzoPizzini-238x300.png 238w, https://www.noitrento.it/zonepastorali/vallagarina/wp-content/uploads/sites/8/2017/04/palazzoPizzini.png 294w" sizes="(max-width: 238px) 100vw, 238px" /></a></p>
<p>La storia dei due Palazzi de’ Pizzini richiama l&#8217;epopea dei velluti e della seta. Inizia intorno al 1630 quando la famiglia discendente da Odorico di Castel Pizzino, grazie alla fiorente attività tessile, visse un lungo periodo di splendore che diede origine al progetto dei due palazzi: il primo a proprio uso e successivamente, di fronte, un secondo per gli ospiti, entrambi lungo via Santa Caterina. In origine i due palazzi erano collegati tra loro. Il Palazzo superiore, quello più antico, è stato donato dalla famiglia Pizzini al Comune di Ala ed è stato sottoposto ad accurati restauri. Oggi è sede di mostre, esposizioni temporanee e concerti.</p>
