{"id":171,"date":"2017-04-29T18:51:14","date_gmt":"2017-04-29T16:51:14","guid":{"rendered":"https:\/\/www.noitrento.it\/zonepastorali\/vallagarina\/wp-content\/uploads\/sites\/8\/2017\/04\/piaz_malfatti.png"},"modified":"2017-04-29T18:51:58","modified_gmt":"2017-04-29T16:51:58","slug":"piaz_malfatti","status":"inherit","type":"attachment","link":"https:\/\/www.noitrento.it\/zonepastorali\/vallagarina\/luoghi-di-interesse\/piaz_malfatti\/","title":{"rendered":"Piazza Malfatti di Rovereto"},"author":1,"comment_status":"closed","ping_status":"closed","template":"","meta":[],"description":{"rendered":"<p class=\"attachment\"><a data-size=\"941x573\" href='https:\/\/www.noitrento.it\/zonepastorali\/vallagarina\/wp-content\/uploads\/sites\/8\/2017\/04\/piaz_malfatti.png'><img width=\"300\" height=\"183\" src=\"https:\/\/www.noitrento.it\/zonepastorali\/vallagarina\/wp-content\/uploads\/sites\/8\/2017\/04\/piaz_malfatti-300x183.png\" class=\"attachment-medium size-medium\" alt=\"\" decoding=\"async\" loading=\"lazy\" srcset=\"https:\/\/www.noitrento.it\/zonepastorali\/vallagarina\/wp-content\/uploads\/sites\/8\/2017\/04\/piaz_malfatti-300x183.png 300w, https:\/\/www.noitrento.it\/zonepastorali\/vallagarina\/wp-content\/uploads\/sites\/8\/2017\/04\/piaz_malfatti-768x468.png 768w, https:\/\/www.noitrento.it\/zonepastorali\/vallagarina\/wp-content\/uploads\/sites\/8\/2017\/04\/piaz_malfatti.png 941w\" sizes=\"(max-width: 300px) 100vw, 300px\" \/><\/a><\/p>\n<p>Un tempo nota come Piazza del Grano e Piazza del Macello, attualmente \u00e8 chiamata Piazza Malfatti in onore del concittadino, barone Valeriano de Malfatti, podest\u00e0 della citt\u00e0 per oltre 40 anni. Di particolare interesse il seicentesco palazzo Pizzini dove, il 10 maggio 1782 ospite della famiglia Pizzini, soggiorn\u00f2 il pontefice Pio VI, ed il cinquecentesco palazzo Malfatti a frisio, con un bel portale e poggiolino Veneziano. Al vertice opposto, accanto alla chiesa della Madonna Ausiliatrice (1724), si apre il vicolo del Portello e l&#8217;arco che immette nella via dei Portici<\/p>\n"},"caption":{"rendered":"<p>Piazza Malfatti di Rovereto<\/p>\n"},"alt_text":"","media_type":"image","mime_type":"image\/png","media_details":{"width":941,"height":573,"file":"2017\/04\/piaz_malfatti.png","sizes":{"thumbnail":{"file":"piaz_malfatti-150x150.png","width":150,"height":150,"mime_type":"image\/png","source_url":"https:\/\/www.noitrento.it\/zonepastorali\/vallagarina\/wp-content\/uploads\/sites\/8\/2017\/04\/piaz_malfatti-150x150.png"},"medium":{"file":"piaz_malfatti-300x183.png","width":300,"height":183,"mime_type":"image\/png","source_url":"https:\/\/www.noitrento.it\/zonepastorali\/vallagarina\/wp-content\/uploads\/sites\/8\/2017\/04\/piaz_malfatti-300x183.png"},"medium_large":{"file":"piaz_malfatti-768x468.png","width":768,"height":468,"mime_type":"image\/png","source_url":"https:\/\/www.noitrento.it\/zonepastorali\/vallagarina\/wp-content\/uploads\/sites\/8\/2017\/04\/piaz_malfatti-768x468.png"},"full":{"file":"piaz_malfatti.png","width":941,"height":573,"mime_type":"image\/png","source_url":"https:\/\/www.noitrento.it\/zonepastorali\/vallagarina\/wp-content\/uploads\/sites\/8\/2017\/04\/piaz_malfatti.png"}},"image_meta":{"aperture":"0","credit":"","camera":"","caption":"","created_timestamp":"0","copyright":"","focal_length":"0","iso":"0","shutter_speed":"0","title":"","orientation":"0","keywords":[]}},"post":33,"source_url":"https:\/\/www.noitrento.it\/zonepastorali\/vallagarina\/wp-content\/uploads\/sites\/8\/2017\/04\/piaz_malfatti.png","_links":{"self":[{"href":"https:\/\/www.noitrento.it\/zonepastorali\/vallagarina\/wp-json\/wp\/v2\/media\/171"}],"collection":[{"href":"https:\/\/www.noitrento.it\/zonepastorali\/vallagarina\/wp-json\/wp\/v2\/media"}],"about":[{"href":"https:\/\/www.noitrento.it\/zonepastorali\/vallagarina\/wp-json\/wp\/v2\/types\/attachment"}],"author":[{"embeddable":true,"href":"https:\/\/www.noitrento.it\/zonepastorali\/vallagarina\/wp-json\/wp\/v2\/users\/1"}]}}

<p class="attachment"><a data-size="941x573" href='https://www.noitrento.it/zonepastorali/vallagarina/wp-content/uploads/sites/8/2017/04/piaz_malfatti.png'><img width="300" height="183" src="https://www.noitrento.it/zonepastorali/vallagarina/wp-content/uploads/sites/8/2017/04/piaz_malfatti-300x183.png" class="attachment-medium size-medium" alt="" decoding="async" loading="lazy" srcset="https://www.noitrento.it/zonepastorali/vallagarina/wp-content/uploads/sites/8/2017/04/piaz_malfatti-300x183.png 300w, https://www.noitrento.it/zonepastorali/vallagarina/wp-content/uploads/sites/8/2017/04/piaz_malfatti-768x468.png 768w, https://www.noitrento.it/zonepastorali/vallagarina/wp-content/uploads/sites/8/2017/04/piaz_malfatti.png 941w" sizes="(max-width: 300px) 100vw, 300px" /></a></p>
<p>Un tempo nota come Piazza del Grano e Piazza del Macello, attualmente è chiamata Piazza Malfatti in onore del concittadino, barone Valeriano de Malfatti, podestà della città per oltre 40 anni. Di particolare interesse il seicentesco palazzo Pizzini dove, il 10 maggio 1782 ospite della famiglia Pizzini, soggiornò il pontefice Pio VI, ed il cinquecentesco palazzo Malfatti a frisio, con un bel portale e poggiolino Veneziano. Al vertice opposto, accanto alla chiesa della Madonna Ausiliatrice (1724), si apre il vicolo del Portello e l&#8217;arco che immette nella via dei Portici</p>
