{"id":135,"date":"2017-04-23T16:04:43","date_gmt":"2017-04-23T14:04:43","guid":{"rendered":"https:\/\/www.noitrento.it\/zonepastorali\/vallagarina\/wp-content\/uploads\/sites\/8\/2017\/04\/lago-specchieri.jpg"},"modified":"2017-04-23T16:05:59","modified_gmt":"2017-04-23T14:05:59","slug":"lago-specchieri","status":"inherit","type":"attachment","link":"https:\/\/www.noitrento.it\/zonepastorali\/vallagarina\/luoghi-di-interesse\/lago-specchieri\/","title":{"rendered":"Lago di Sp\u00e8ccheri"},"author":1,"comment_status":"closed","ping_status":"closed","template":"","meta":[],"description":{"rendered":"<p class=\"attachment\"><a data-size=\"736x552\" href='https:\/\/www.noitrento.it\/zonepastorali\/vallagarina\/wp-content\/uploads\/sites\/8\/2017\/04\/lago-specchieri.jpg'><img width=\"300\" height=\"225\" src=\"https:\/\/www.noitrento.it\/zonepastorali\/vallagarina\/wp-content\/uploads\/sites\/8\/2017\/04\/lago-specchieri-300x225.jpg\" class=\"attachment-medium size-medium\" alt=\"\" decoding=\"async\" loading=\"lazy\" srcset=\"https:\/\/www.noitrento.it\/zonepastorali\/vallagarina\/wp-content\/uploads\/sites\/8\/2017\/04\/lago-specchieri-300x225.jpg 300w, https:\/\/www.noitrento.it\/zonepastorali\/vallagarina\/wp-content\/uploads\/sites\/8\/2017\/04\/lago-specchieri.jpg 736w\" sizes=\"(max-width: 300px) 100vw, 300px\" \/><\/a><\/p>\n<p>Il lago di Sp\u00e8ccheri \u00e8 un bacino artificiale situato nei pressi della frazione omonima del comune sparso di Vallarsa, nella estremit\u00e0 sudorientale della provincia di Trento. Lo sbarramento, alto 156,85 m, fu completato nel 1957[1] per sfruttare le acque del torrente Leno, uno dei principali affluenti dell&#8217;Adige. L&#8217;acqua viene convogliata verso la centrale di Maso Corona situata nel comune di Ala e operata dalla AGSM di Verona.<br \/>\nL&#8217;accesso al lago \u00e8 possibile solo attraverso sentieri che partono dalla vicina strada statale 46 del Pasubio che, partendo da Vicenza, percorre tutta la valle del Leno sino al suo sbocco, a Rovereto.<\/p>\n"},"caption":{"rendered":"<p> Lago di Sp\u00e8ccheri<\/p>\n"},"alt_text":"","media_type":"image","mime_type":"image\/jpeg","media_details":{"width":736,"height":552,"file":"2017\/04\/lago-specchieri.jpg","sizes":{"thumbnail":{"file":"lago-specchieri-150x150.jpg","width":150,"height":150,"mime_type":"image\/jpeg","source_url":"https:\/\/www.noitrento.it\/zonepastorali\/vallagarina\/wp-content\/uploads\/sites\/8\/2017\/04\/lago-specchieri-150x150.jpg"},"medium":{"file":"lago-specchieri-300x225.jpg","width":300,"height":225,"mime_type":"image\/jpeg","source_url":"https:\/\/www.noitrento.it\/zonepastorali\/vallagarina\/wp-content\/uploads\/sites\/8\/2017\/04\/lago-specchieri-300x225.jpg"},"full":{"file":"lago-specchieri.jpg","width":736,"height":552,"mime_type":"image\/jpeg","source_url":"https:\/\/www.noitrento.it\/zonepastorali\/vallagarina\/wp-content\/uploads\/sites\/8\/2017\/04\/lago-specchieri.jpg"}},"image_meta":{"aperture":"0","credit":"","camera":"","caption":"","created_timestamp":"0","copyright":"","focal_length":"0","iso":"0","shutter_speed":"0","title":"","orientation":"0","keywords":[]}},"post":33,"source_url":"https:\/\/www.noitrento.it\/zonepastorali\/vallagarina\/wp-content\/uploads\/sites\/8\/2017\/04\/lago-specchieri.jpg","_links":{"self":[{"href":"https:\/\/www.noitrento.it\/zonepastorali\/vallagarina\/wp-json\/wp\/v2\/media\/135"}],"collection":[{"href":"https:\/\/www.noitrento.it\/zonepastorali\/vallagarina\/wp-json\/wp\/v2\/media"}],"about":[{"href":"https:\/\/www.noitrento.it\/zonepastorali\/vallagarina\/wp-json\/wp\/v2\/types\/attachment"}],"author":[{"embeddable":true,"href":"https:\/\/www.noitrento.it\/zonepastorali\/vallagarina\/wp-json\/wp\/v2\/users\/1"}]}}

Lago di Spèccheri

<p class="attachment"><a data-size="736x552" href='https://www.noitrento.it/zonepastorali/vallagarina/wp-content/uploads/sites/8/2017/04/lago-specchieri.jpg'><img width="300" height="225" src="https://www.noitrento.it/zonepastorali/vallagarina/wp-content/uploads/sites/8/2017/04/lago-specchieri-300x225.jpg" class="attachment-medium size-medium" alt="" decoding="async" loading="lazy" srcset="https://www.noitrento.it/zonepastorali/vallagarina/wp-content/uploads/sites/8/2017/04/lago-specchieri-300x225.jpg 300w, https://www.noitrento.it/zonepastorali/vallagarina/wp-content/uploads/sites/8/2017/04/lago-specchieri.jpg 736w" sizes="(max-width: 300px) 100vw, 300px" /></a></p>
<p>Il lago di Spèccheri è un bacino artificiale situato nei pressi della frazione omonima del comune sparso di Vallarsa, nella estremità sudorientale della provincia di Trento. Lo sbarramento, alto 156,85 m, fu completato nel 1957[1] per sfruttare le acque del torrente Leno, uno dei principali affluenti dell&#8217;Adige. L&#8217;acqua viene convogliata verso la centrale di Maso Corona situata nel comune di Ala e operata dalla AGSM di Verona.<br />
L&#8217;accesso al lago è possibile solo attraverso sentieri che partono dalla vicina strada statale 46 del Pasubio che, partendo da Vicenza, percorre tutta la valle del Leno sino al suo sbocco, a Rovereto.</p>

<p> Lago di Spèccheri</p>
