{"id":132,"date":"2017-04-23T15:58:06","date_gmt":"2017-04-23T13:58:06","guid":{"rendered":"https:\/\/www.noitrento.it\/zonepastorali\/vallagarina\/wp-content\/uploads\/sites\/8\/2017\/04\/lago-garda.jpg"},"modified":"2017-04-23T15:58:51","modified_gmt":"2017-04-23T13:58:51","slug":"lago-garda","status":"inherit","type":"attachment","link":"https:\/\/www.noitrento.it\/zonepastorali\/vallagarina\/luoghi-di-interesse\/lago-garda\/","title":{"rendered":"Lago di Garda"},"author":1,"comment_status":"closed","ping_status":"closed","template":"","meta":[],"description":{"rendered":"<p class=\"attachment\"><a data-size=\"1024x683\" href='https:\/\/www.noitrento.it\/zonepastorali\/vallagarina\/wp-content\/uploads\/sites\/8\/2017\/04\/lago-garda.jpg'><img width=\"300\" height=\"200\" src=\"https:\/\/www.noitrento.it\/zonepastorali\/vallagarina\/wp-content\/uploads\/sites\/8\/2017\/04\/lago-garda-300x200.jpg\" class=\"attachment-medium size-medium\" alt=\"\" decoding=\"async\" loading=\"lazy\" srcset=\"https:\/\/www.noitrento.it\/zonepastorali\/vallagarina\/wp-content\/uploads\/sites\/8\/2017\/04\/lago-garda-300x200.jpg 300w, https:\/\/www.noitrento.it\/zonepastorali\/vallagarina\/wp-content\/uploads\/sites\/8\/2017\/04\/lago-garda-768x512.jpg 768w, https:\/\/www.noitrento.it\/zonepastorali\/vallagarina\/wp-content\/uploads\/sites\/8\/2017\/04\/lago-garda.jpg 1024w\" sizes=\"(max-width: 300px) 100vw, 300px\" \/><\/a><\/p>\n<p>Il lago di Garda o Benaco \u00e8 il maggiore lago italiano, con una superficie di circa 370 km\u00b2 (terzo per profondit\u00e0 dopo Como e Maggiore). Cerniera fra tre regioni, Lombardia (provincia di Brescia), Veneto (provincia di Verona) e Trentino-Alto Adige (provincia di Trento), \u00e8 posto in parallelo all&#8217;Adige, da cui \u00e8 diviso dal massiccio del monte Baldo. A settentrione si presenta stretto a imbuto mentre a meridione si allarga, circondato da colline moreniche che rendono pi\u00f9 dolce il paesaggio. Il lago \u00e8 un&#8217;importante meta turistica ed \u00e8 visitato ogni anno da milioni di persone.<br \/>\nLa luminosit\u00e0 dell\u2019ambiente, la dolcezza del clima, una ricca vegetazione, costituita prevalentemente da olivi, palme, cipressi, limoni, oleandri e aranci, unitamente alla grandiosit\u00e0 dei paesaggi, che fanno da sfondo alle interessanti testimonianze storiche e culturali disseminate sul suo territorio, lo rendono sicuramente il pi\u00f9 attraente dei laghi italiani.<\/p>\n<p>L\u2018intensa colorazione dell\u2019acqua, con una marcata tonalit\u00e0 blu ed una trasparenza difficilmente riscontrabili, fanno del Lago di Garda una destinazione unica capace di ospitare visitatori e amanti della vacanza all\u2019insegna del relax, dello sport, del divertimento e del gusto della scoperta dei luoghi.<\/p>\n"},"caption":{"rendered":"<p>Lago di Garda<\/p>\n"},"alt_text":"","media_type":"image","mime_type":"image\/jpeg","media_details":{"width":1024,"height":683,"file":"2017\/04\/lago-garda.jpg","sizes":{"thumbnail":{"file":"lago-garda-150x150.jpg","width":150,"height":150,"mime_type":"image\/jpeg","source_url":"https:\/\/www.noitrento.it\/zonepastorali\/vallagarina\/wp-content\/uploads\/sites\/8\/2017\/04\/lago-garda-150x150.jpg"},"medium":{"file":"lago-garda-300x200.jpg","width":300,"height":200,"mime_type":"image\/jpeg","source_url":"https:\/\/www.noitrento.it\/zonepastorali\/vallagarina\/wp-content\/uploads\/sites\/8\/2017\/04\/lago-garda-300x200.jpg"},"medium_large":{"file":"lago-garda-768x512.jpg","width":768,"height":512,"mime_type":"image\/jpeg","source_url":"https:\/\/www.noitrento.it\/zonepastorali\/vallagarina\/wp-content\/uploads\/sites\/8\/2017\/04\/lago-garda-768x512.jpg"},"large":{"file":"lago-garda-1024x683.jpg","width":1024,"height":683,"mime_type":"image\/jpeg","source_url":"https:\/\/www.noitrento.it\/zonepastorali\/vallagarina\/wp-content\/uploads\/sites\/8\/2017\/04\/lago-garda-1024x683.jpg"},"full":{"file":"lago-garda.jpg","width":1024,"height":683,"mime_type":"image\/jpeg","source_url":"https:\/\/www.noitrento.it\/zonepastorali\/vallagarina\/wp-content\/uploads\/sites\/8\/2017\/04\/lago-garda.jpg"}},"image_meta":{"aperture":"0","credit":"","camera":"","caption":"","created_timestamp":"0","copyright":"","focal_length":"0","iso":"0","shutter_speed":"0","title":"","orientation":"0","keywords":[]}},"post":33,"source_url":"https:\/\/www.noitrento.it\/zonepastorali\/vallagarina\/wp-content\/uploads\/sites\/8\/2017\/04\/lago-garda.jpg","_links":{"self":[{"href":"https:\/\/www.noitrento.it\/zonepastorali\/vallagarina\/wp-json\/wp\/v2\/media\/132"}],"collection":[{"href":"https:\/\/www.noitrento.it\/zonepastorali\/vallagarina\/wp-json\/wp\/v2\/media"}],"about":[{"href":"https:\/\/www.noitrento.it\/zonepastorali\/vallagarina\/wp-json\/wp\/v2\/types\/attachment"}],"author":[{"embeddable":true,"href":"https:\/\/www.noitrento.it\/zonepastorali\/vallagarina\/wp-json\/wp\/v2\/users\/1"}]}}

<p class="attachment"><a data-size="1024x683" href='https://www.noitrento.it/zonepastorali/vallagarina/wp-content/uploads/sites/8/2017/04/lago-garda.jpg'><img width="300" height="200" src="https://www.noitrento.it/zonepastorali/vallagarina/wp-content/uploads/sites/8/2017/04/lago-garda-300x200.jpg" class="attachment-medium size-medium" alt="" decoding="async" loading="lazy" srcset="https://www.noitrento.it/zonepastorali/vallagarina/wp-content/uploads/sites/8/2017/04/lago-garda-300x200.jpg 300w, https://www.noitrento.it/zonepastorali/vallagarina/wp-content/uploads/sites/8/2017/04/lago-garda-768x512.jpg 768w, https://www.noitrento.it/zonepastorali/vallagarina/wp-content/uploads/sites/8/2017/04/lago-garda.jpg 1024w" sizes="(max-width: 300px) 100vw, 300px" /></a></p>
<p>Il lago di Garda o Benaco è il maggiore lago italiano, con una superficie di circa 370 km² (terzo per profondità dopo Como e Maggiore). Cerniera fra tre regioni, Lombardia (provincia di Brescia), Veneto (provincia di Verona) e Trentino-Alto Adige (provincia di Trento), è posto in parallelo all&#8217;Adige, da cui è diviso dal massiccio del monte Baldo. A settentrione si presenta stretto a imbuto mentre a meridione si allarga, circondato da colline moreniche che rendono più dolce il paesaggio. Il lago è un&#8217;importante meta turistica ed è visitato ogni anno da milioni di persone.<br />
La luminosità dell’ambiente, la dolcezza del clima, una ricca vegetazione, costituita prevalentemente da olivi, palme, cipressi, limoni, oleandri e aranci, unitamente alla grandiosità dei paesaggi, che fanno da sfondo alle interessanti testimonianze storiche e culturali disseminate sul suo territorio, lo rendono sicuramente il più attraente dei laghi italiani.</p>
<p>L‘intensa colorazione dell’acqua, con una marcata tonalità blu ed una trasparenza difficilmente riscontrabili, fanno del Lago di Garda una destinazione unica capace di ospitare visitatori e amanti della vacanza all’insegna del relax, dello sport, del divertimento e del gusto della scoperta dei luoghi.</p>
