{"id":12,"date":"2017-12-23T12:34:46","date_gmt":"2017-12-23T11:34:46","guid":{"rendered":"https:\/\/www.noitrento.it\/zonepastorali\/montagnagiovani\/?page_id=12"},"modified":"2021-06-21T02:22:03","modified_gmt":"2021-06-21T00:22:03","slug":"chi-siamo","status":"publish","type":"page","link":"https:\/\/www.noitrento.it\/zonepastorali\/montagnagiovani\/chi-siamo\/","title":{"rendered":"DIRETTIVO"},"content":{"rendered":"<p><span style=\"font-family: verdana, geneva, sans-serif\">Eccoci qui con le presentazioni. E&#8217; sempre difficile descriversi a parole, sarebbe pi\u00f9 semplice vederci di persona!\u00a0<\/span><span style=\"font-family: verdana, geneva, sans-serif\">E noi non vediamo l&#8217;ora di incontrarvi <\/span><span style=\"font-family: verdana, geneva, sans-serif\">ma nel frattempo proviamo a lasciarvi qualche curiosit\u00e0 del <strong>Direttivo di &#8220;<em>Montagna Giovani<\/em>&#8220;.\u00a0<\/strong><\/span><\/p>\n<p><span style=\"font-family: verdana, geneva, sans-serif\">Negli anni, la formazione \u00e8 cambiata. Attualmente siamo una decina, l&#8217;et\u00e0 media sui 40 anni. Siamo tutti volontari e chi pi\u00f9 chi meno ha un ruolo ben definito.<\/span><\/p>\n<p>&nbsp;<\/p>\n<blockquote>\n<p style=\"text-align: left\"><span style=\"font-family: 'comic sans ms', sans-serif;font-size: 12pt\">Davide Lo Turco <span style=\"font-size: 10pt\">(Presidente)<\/span><\/span><\/p>\n<p style=\"text-align: left\"><span style=\"font-family: 'comic sans ms', sans-serif;font-size: 12pt\">Francesca Avanzo <span style=\"font-size: 10pt\">(Segretaria\/Verbalista)<\/span><\/span><\/p>\n<p style=\"text-align: left\"><span style=\"font-family: 'comic sans ms', sans-serif;font-size: 12pt\">Sergio Frisinghelli <span style=\"font-size: 10pt\">(Presidente emerito)<\/span><\/span><\/p>\n<p style=\"text-align: left\"><span style=\"font-family: 'comic sans ms', sans-serif;font-size: 12pt\">Enrico Emanuelli<\/span><\/p>\n<p style=\"text-align: left\"><span style=\"font-family: 'comic sans ms', sans-serif;font-size: 12pt\">Emanuela Venco<\/span><\/p>\n<p>Sabrina Eccheli<\/p>\n<p>Denis Manincor<\/p><\/blockquote>\n<p>&nbsp;<\/p>\n<p><span style=\"font-family: verdana, geneva, sans-serif\">Il Direttivo ha il compito di scegliere l&#8217;escursione ed accompagnare il gruppo fino alla meta. In realt\u00e0 tutti insieme formiamo un gruppo affiatato, ci lega l&#8217;amicizia, la voglia di incontrarsi e raccontarsi e mantenere un rapporto vivo, tanto che da un mese all&#8217;altro \u00e8 come se il tempo si fosse fermato.<\/span><\/p>\n<p><span style=\"font-family: verdana, geneva, sans-serif\">Nel 2017, il Direttivo ha pensato di lanciare una sfida a tutti gli iscritti: creare un <strong>LOGO<\/strong> per dare un&#8217;identit\u00e0 al gruppo di &#8220;Montagna Giovani&#8221;, un simbolo che potesse rappresentarne lo spirito. <\/span><\/p>\n<p><span style=\"font-family: verdana, geneva, sans-serif\">Su 13 loghi arrivati, quello votato come preferito \u00e8 stato ricamato sulle magliette che ognuno poi pu\u00f2 sfoggiare durante le gite e non solo. <\/span><\/p>\n<p><span style=\"font-family: verdana, geneva, sans-serif\">E&#8217; stata lasciata un&#8217;ampia libert\u00e0 di scelta relativamente al colore delle magliette, in modo da rispecchiare uno dei pilastri di Montagna Giovani: <strong>la ricchezza e la bellezza della diversit\u00e0<\/strong>. <\/span><\/p>\n<p>&nbsp;<\/p>\n","protected":false},"excerpt":{"rendered":"<p>Eccoci qui con le presentazioni. E&#8217; sempre difficile descriversi a parole, sarebbe pi\u00f9 semplice vederci di persona!\u00a0E noi non vediamo l&#8217;ora di incontrarvi ma nel frattempo proviamo a lasciarvi qualche curiosit\u00e0 del Direttivo di &#8220;Montagna Giovani&#8220;.\u00a0 Negli anni, la formazione \u00e8 cambiata. Attualmente siamo una decina, l&#8217;et\u00e0 media sui 40 anni. Siamo tutti volontari e <a href=\"https:\/\/www.noitrento.it\/zonepastorali\/montagnagiovani\/chi-siamo\/\" rel=\"nofollow\"><span class=\"sr-only\">Leggi di pi\u00f9DIRETTIVO<\/span>[&hellip;]<\/a><\/p>\n","protected":false},"author":6,"featured_media":0,"parent":0,"menu_order":0,"comment_status":"closed","ping_status":"closed","template":"","meta":[],"_links":{"self":[{"href":"https:\/\/www.noitrento.it\/zonepastorali\/montagnagiovani\/wp-json\/wp\/v2\/pages\/12"}],"collection":[{"href":"https:\/\/www.noitrento.it\/zonepastorali\/montagnagiovani\/wp-json\/wp\/v2\/pages"}],"about":[{"href":"https:\/\/www.noitrento.it\/zonepastorali\/montagnagiovani\/wp-json\/wp\/v2\/types\/page"}],"author":[{"embeddable":true,"href":"https:\/\/www.noitrento.it\/zonepastorali\/montagnagiovani\/wp-json\/wp\/v2\/users\/6"}],"replies":[{"embeddable":true,"href":"https:\/\/www.noitrento.it\/zonepastorali\/montagnagiovani\/wp-json\/wp\/v2\/comments?post=12"}],"version-history":[{"count":30,"href":"https:\/\/www.noitrento.it\/zonepastorali\/montagnagiovani\/wp-json\/wp\/v2\/pages\/12\/revisions"}],"predecessor-version":[{"id":1495,"href":"https:\/\/www.noitrento.it\/zonepastorali\/montagnagiovani\/wp-json\/wp\/v2\/pages\/12\/revisions\/1495"}],"wp:attachment":[{"href":"https:\/\/www.noitrento.it\/zonepastorali\/montagnagiovani\/wp-json\/wp\/v2\/media?parent=12"}],"curies":[{"name":"wp","href":"https:\/\/api.w.org\/{rel}","templated":true}]}}

<p><span style="font-family: verdana, geneva, sans-serif">Eccoci qui con le presentazioni. E&#8217; sempre difficile descriversi a parole, sarebbe più semplice vederci di persona! </span><span style="font-family: verdana, geneva, sans-serif">E noi non vediamo l&#8217;ora di incontrarvi </span><span style="font-family: verdana, geneva, sans-serif">ma nel frattempo proviamo a lasciarvi qualche curiosità del <strong>Direttivo di &#8220;<em>Montagna Giovani</em>&#8220;. </strong></span></p>
<p><span style="font-family: verdana, geneva, sans-serif">Negli anni, la formazione è cambiata. Attualmente siamo una decina, l&#8217;età media sui 40 anni. Siamo tutti volontari e chi più chi meno ha un ruolo ben definito.</span></p>
<p>&nbsp;</p>
<blockquote>
<p style="text-align: left"><span style="font-family: 'comic sans ms', sans-serif;font-size: 12pt">Davide Lo Turco <span style="font-size: 10pt">(Presidente)</span></span></p>
<p style="text-align: left"><span style="font-family: 'comic sans ms', sans-serif;font-size: 12pt">Francesca Avanzo <span style="font-size: 10pt">(Segretaria/Verbalista)</span></span></p>
<p style="text-align: left"><span style="font-family: 'comic sans ms', sans-serif;font-size: 12pt">Sergio Frisinghelli <span style="font-size: 10pt">(Presidente emerito)</span></span></p>
<p style="text-align: left"><span style="font-family: 'comic sans ms', sans-serif;font-size: 12pt">Enrico Emanuelli</span></p>
<p style="text-align: left"><span style="font-family: 'comic sans ms', sans-serif;font-size: 12pt">Emanuela Venco</span></p>
<p>Sabrina Eccheli</p>
<p>Denis Manincor</p></blockquote>
<p>&nbsp;</p>
<p><span style="font-family: verdana, geneva, sans-serif">Il Direttivo ha il compito di scegliere l&#8217;escursione ed accompagnare il gruppo fino alla meta. In realtà tutti insieme formiamo un gruppo affiatato, ci lega l&#8217;amicizia, la voglia di incontrarsi e raccontarsi e mantenere un rapporto vivo, tanto che da un mese all&#8217;altro è come se il tempo si fosse fermato.</span></p>
<p><span style="font-family: verdana, geneva, sans-serif">Nel 2017, il Direttivo ha pensato di lanciare una sfida a tutti gli iscritti: creare un <strong>LOGO</strong> per dare un&#8217;identità al gruppo di &#8220;Montagna Giovani&#8221;, un simbolo che potesse rappresentarne lo spirito. </span></p>
<p><span style="font-family: verdana, geneva, sans-serif">Su 13 loghi arrivati, quello votato come preferito è stato ricamato sulle magliette che ognuno poi può sfoggiare durante le gite e non solo. </span></p>
<p><span style="font-family: verdana, geneva, sans-serif">E&#8217; stata lasciata un&#8217;ampia libertà di scelta relativamente al colore delle magliette, in modo da rispecchiare uno dei pilastri di Montagna Giovani: <strong>la ricchezza e la bellezza della diversità</strong>. </span></p>
<p>&nbsp;</p>

<p>Eccoci qui con le presentazioni. E&#8217; sempre difficile descriversi a parole, sarebbe più semplice vederci di persona! E noi non vediamo l&#8217;ora di incontrarvi ma nel frattempo proviamo a lasciarvi qualche curiosità del Direttivo di &#8220;Montagna Giovani&#8220;.  Negli anni, la formazione è cambiata. Attualmente siamo una decina, l&#8217;età media sui 40 anni. Siamo tutti volontari e <a href="https://www.noitrento.it/zonepastorali/montagnagiovani/chi-siamo/" rel="nofollow"><span class="sr-only">Leggi di piùDIRETTIVO</span>[&hellip;]</a></p>
